{"id":1731,"date":"2016-12-15T13:19:11","date_gmt":"2016-12-15T11:19:11","guid":{"rendered":"http:\/\/ki-ela-stories.de\/?page_id=1731"},"modified":"2016-12-15T13:19:11","modified_gmt":"2016-12-15T11:19:11","slug":"liebe-nicht-inbegriffen","status":"publish","type":"page","link":"http:\/\/ki-ela-stories.de\/?page_id=1731","title":{"rendered":"Liebe nicht inbegriffen"},"content":{"rendered":"<p><a href=\"http:\/\/ki-ela-stories.de\/wordpress\/wp-content\/uploads\/2016\/12\/Bildschirmfoto-2016-11-23-um-08.27.35.png\"><img loading=\"lazy\" decoding=\"async\" class=\"aligncenter wp-image-1724 size-full\" src=\"http:\/\/ki-ela-stories.de\/wordpress\/wp-content\/uploads\/2016\/12\/Bildschirmfoto-2016-11-23-um-08.27.35.png\" width=\"599\" height=\"836\" srcset=\"http:\/\/ki-ela-stories.de\/wordpress\/wp-content\/uploads\/2016\/12\/Bildschirmfoto-2016-11-23-um-08.27.35.png 599w, http:\/\/ki-ela-stories.de\/wordpress\/wp-content\/uploads\/2016\/12\/Bildschirmfoto-2016-11-23-um-08.27.35-215x300.png 215w\" sizes=\"auto, (max-width: 599px) 100vw, 599px\" \/><\/a><\/p>\n<p><em>Die Illusion der Liebe ist ihr Gesch\u00e4ft. Schlie\u00dflich ist Anna Callgirl und verkauft Momente des Gl\u00fccks an wohlhabende M\u00e4nner. Mal ist sie verf\u00fchrerisch, mal sexy und verrucht, aber eigentlich macht sie den Job nur, um \u00fcberleben zu k\u00f6nnen. Als der charmante Gesch\u00e4ftsmann Chris in die Stadt kommt und Anna bucht, f\u00fchlt sie pl\u00f6tzlich mehr, als ihr Job erlaubt. Die aufkeimenden Gef\u00fchle scheinen ihr den Weg in ein anderes Leben zu zeigen. Doch eine tragische Entscheidung von Chris st\u00fcrzt Anna letztlich in eine tiefe Krise.<\/em><\/p>\n<p><em>\u00bbLiebe nicht inbegriffen\u00ab ist die Geschichte einer dramatischen Liebe. Leidenschaftlich erz\u00e4hlt und mitrei\u00dfend geschrieben nimmt sie den Leser mit in die Abgr\u00fcnde des Lebens, um am Ende zu zeigen, welche Kraft Hoffnung und Liebe entfalten k\u00f6nnen.<\/em><\/p>\n<p><em>Erh\u00e4ltlich bei <a href=\"https:\/\/www.amazon.de\/dp\/B01N3ON3EW\/ref=sr_1_3?ie=UTF8&amp;qid=1481800518&amp;sr=8-3&amp;keywords=ki-ela+stories\">Amazon<\/a><\/em><\/p>\n<p>&nbsp;<\/p>\n<p>&nbsp;<\/p>\n","protected":false},"excerpt":{"rendered":"<p>Die Illusion der Liebe ist ihr Gesch\u00e4ft. Schlie\u00dflich ist Anna Callgirl und verkauft Momente des Gl\u00fccks an wohlhabende M\u00e4nner. Mal ist sie verf\u00fchrerisch, mal sexy und verrucht, aber eigentlich macht sie den Job nur, um \u00fcberleben zu k\u00f6nnen. Als der charmante Gesch\u00e4ftsmann Chris in die Stadt kommt und Anna bucht, f\u00fchlt sie pl\u00f6tzlich mehr, als [&hellip;]<\/p>\n","protected":false},"author":1,"featured_media":0,"parent":0,"menu_order":0,"comment_status":"closed","ping_status":"closed","template":"","meta":{"footnotes":""},"class_list":["post-1731","page","type-page","status-publish","hentry"],"_links":{"self":[{"href":"http:\/\/ki-ela-stories.de\/index.php?rest_route=\/wp\/v2\/pages\/1731","targetHints":{"allow":["GET"]}}],"collection":[{"href":"http:\/\/ki-ela-stories.de\/index.php?rest_route=\/wp\/v2\/pages"}],"about":[{"href":"http:\/\/ki-ela-stories.de\/index.php?rest_route=\/wp\/v2\/types\/page"}],"author":[{"embeddable":true,"href":"http:\/\/ki-ela-stories.de\/index.php?rest_route=\/wp\/v2\/users\/1"}],"replies":[{"embeddable":true,"href":"http:\/\/ki-ela-stories.de\/index.php?rest_route=%2Fwp%2Fv2%2Fcomments&post=1731"}],"version-history":[{"count":1,"href":"http:\/\/ki-ela-stories.de\/index.php?rest_route=\/wp\/v2\/pages\/1731\/revisions"}],"predecessor-version":[{"id":1732,"href":"http:\/\/ki-ela-stories.de\/index.php?rest_route=\/wp\/v2\/pages\/1731\/revisions\/1732"}],"wp:attachment":[{"href":"http:\/\/ki-ela-stories.de\/index.php?rest_route=%2Fwp%2Fv2%2Fmedia&parent=1731"}],"curies":[{"name":"wp","href":"https:\/\/api.w.org\/{rel}","templated":true}]}}