{"id":2118,"date":"2018-08-21T12:53:03","date_gmt":"2018-08-21T10:53:03","guid":{"rendered":"http:\/\/ki-ela-stories.de\/?page_id=2118"},"modified":"2018-08-21T12:53:07","modified_gmt":"2018-08-21T10:53:07","slug":"leidenschaften","status":"publish","type":"page","link":"http:\/\/ki-ela-stories.de\/?page_id=2118","title":{"rendered":"Leidenschaften"},"content":{"rendered":"<p>&nbsp;<\/p>\n<p>&nbsp;<\/p>\n<p><a href=\"http:\/\/ki-ela-stories.de\/wordpress\/wp-content\/uploads\/2018\/08\/Ki-Ela-Leidenschaften-26067-CV-FT-v3.jpg\"><img loading=\"lazy\" decoding=\"async\" class=\"aligncenter wp-image-2114 size-full\" src=\"http:\/\/ki-ela-stories.de\/wordpress\/wp-content\/uploads\/2018\/08\/Ki-Ela-Leidenschaften-26067-CV-FT-v3.jpg\" alt=\"\" width=\"1488\" height=\"2196\" srcset=\"http:\/\/ki-ela-stories.de\/wordpress\/wp-content\/uploads\/2018\/08\/Ki-Ela-Leidenschaften-26067-CV-FT-v3.jpg 1488w, http:\/\/ki-ela-stories.de\/wordpress\/wp-content\/uploads\/2018\/08\/Ki-Ela-Leidenschaften-26067-CV-FT-v3-203x300.jpg 203w, http:\/\/ki-ela-stories.de\/wordpress\/wp-content\/uploads\/2018\/08\/Ki-Ela-Leidenschaften-26067-CV-FT-v3-768x1133.jpg 768w, http:\/\/ki-ela-stories.de\/wordpress\/wp-content\/uploads\/2018\/08\/Ki-Ela-Leidenschaften-26067-CV-FT-v3-694x1024.jpg 694w\" sizes=\"auto, (max-width: 1488px) 100vw, 1488px\" \/><\/a><\/p>\n<h4><em>Ein bewegender Roman \u00fcber Liebe, Leidenschaft und die Tragik des Lebens von Kindle #1 Bestsellerautorin Ki-Ela.<\/em><\/h4>\n<p><em>Nayeli ist gl\u00fccklicher denn je \u2013 sie lebt in einer wunderbaren Beziehung mit Ben. Alles scheint perfekt, bis zu dem Augenblick, in dem Maxim, der neue Mann an der Seite ihrer besten Freundin, in ihr Leben platzt. Nayeli kann ihn nicht ausstehen, doch das \u00e4ndert sich schnell. Was anf\u00e4nglich nach gegenseitiger Abneigung aussieht, entwickelt sich in einem gemeinsamen Urlaub zu einer verbotenen Aff\u00e4re mit dramatischen Folgen. Werden Maxim und Nayeli ihre Liebe trotz gro\u00dfer Schuldgef\u00fchle retten k\u00f6nnen?<\/em><\/p>\n<p>Erh\u00e4ltlich bei <a href=\"https:\/\/www.amazon.de\/Leidenschaften-Ki-Ela-Stories-ebook\/dp\/B07B7KQV1C\/ref=sr_1_3?ie=UTF8&amp;qid=1534848712&amp;sr=8-3&amp;keywords=ki-ela+stories\">Amazon<\/a><\/p>\n","protected":false},"excerpt":{"rendered":"<p>&nbsp; &nbsp; Ein bewegender Roman \u00fcber Liebe, Leidenschaft und die Tragik des Lebens von Kindle #1 Bestsellerautorin Ki-Ela. Nayeli ist gl\u00fccklicher denn je \u2013 sie lebt in einer wunderbaren Beziehung mit Ben. Alles scheint perfekt, bis zu dem Augenblick, in dem Maxim, der neue Mann an der Seite ihrer besten Freundin, in ihr Leben platzt. [&hellip;]<\/p>\n","protected":false},"author":1,"featured_media":0,"parent":0,"menu_order":0,"comment_status":"closed","ping_status":"closed","template":"","meta":{"footnotes":""},"class_list":["post-2118","page","type-page","status-publish","hentry"],"_links":{"self":[{"href":"http:\/\/ki-ela-stories.de\/index.php?rest_route=\/wp\/v2\/pages\/2118","targetHints":{"allow":["GET"]}}],"collection":[{"href":"http:\/\/ki-ela-stories.de\/index.php?rest_route=\/wp\/v2\/pages"}],"about":[{"href":"http:\/\/ki-ela-stories.de\/index.php?rest_route=\/wp\/v2\/types\/page"}],"author":[{"embeddable":true,"href":"http:\/\/ki-ela-stories.de\/index.php?rest_route=\/wp\/v2\/users\/1"}],"replies":[{"embeddable":true,"href":"http:\/\/ki-ela-stories.de\/index.php?rest_route=%2Fwp%2Fv2%2Fcomments&post=2118"}],"version-history":[{"count":2,"href":"http:\/\/ki-ela-stories.de\/index.php?rest_route=\/wp\/v2\/pages\/2118\/revisions"}],"predecessor-version":[{"id":2120,"href":"http:\/\/ki-ela-stories.de\/index.php?rest_route=\/wp\/v2\/pages\/2118\/revisions\/2120"}],"wp:attachment":[{"href":"http:\/\/ki-ela-stories.de\/index.php?rest_route=%2Fwp%2Fv2%2Fmedia&parent=2118"}],"curies":[{"name":"wp","href":"https:\/\/api.w.org\/{rel}","templated":true}]}}