{"id":2376,"date":"2026-01-01T15:03:12","date_gmt":"2026-01-01T13:03:12","guid":{"rendered":"http:\/\/ki-ela-stories.de\/?page_id=2376"},"modified":"2026-01-01T15:03:12","modified_gmt":"2026-01-01T13:03:12","slug":"aeryn-die-feuerroten-hexen","status":"publish","type":"page","link":"http:\/\/ki-ela-stories.de\/?page_id=2376","title":{"rendered":"Aeryn &#8211; Die feuerroten Hexen"},"content":{"rendered":"\n<p>Aeryn bekommt das Angebot, nach dem Tod ihrer Tante ein kleines Cottage in Schottland zu \u00fcbernehmen und als Heilerin in deren Fu\u00dfstapfen zu treten. Zun\u00e4chst ist sie skeptisch, doch sie beschlie\u00dft, es probeweise zu versuchen.<br>In Portnas angekommen, trifft sie auf Kieran, der mit einer Handwerksfirma das Cottage auf Vordermann bringen soll und ihr sofort auff\u00e4llt.<br>Doch immer wieder wird sie mit Ger\u00fcchten um die Heilkunst ihrer Tante konfrontiert. Wird Aeryn herausfinden, was es damit auf sich hat? Und wie wird sich die Beziehung zu Kieran weiterentwickeln?<\/p>\n\n\n\n<p>Die Geschichte kann unabh\u00e4ngig von den anderen Teilen gelesen werden.<\/p>\n\n\n\n<figure class=\"wp-block-image size-large\"><a href=\"http:\/\/ki-ela-stories.de\/wordpress\/wp-content\/uploads\/2026\/01\/Aeryn-U1-1.jpg\"><img loading=\"lazy\" decoding=\"async\" width=\"672\" height=\"1024\" src=\"http:\/\/ki-ela-stories.de\/wordpress\/wp-content\/uploads\/2026\/01\/Aeryn-U1-1-672x1024.jpg\" alt=\"\" class=\"wp-image-2374\" srcset=\"http:\/\/ki-ela-stories.de\/wordpress\/wp-content\/uploads\/2026\/01\/Aeryn-U1-1-672x1024.jpg 672w, http:\/\/ki-ela-stories.de\/wordpress\/wp-content\/uploads\/2026\/01\/Aeryn-U1-1-197x300.jpg 197w, http:\/\/ki-ela-stories.de\/wordpress\/wp-content\/uploads\/2026\/01\/Aeryn-U1-1-768x1170.jpg 768w, http:\/\/ki-ela-stories.de\/wordpress\/wp-content\/uploads\/2026\/01\/Aeryn-U1-1-1008x1536.jpg 1008w, http:\/\/ki-ela-stories.de\/wordpress\/wp-content\/uploads\/2026\/01\/Aeryn-U1-1-1344x2048.jpg 1344w, http:\/\/ki-ela-stories.de\/wordpress\/wp-content\/uploads\/2026\/01\/Aeryn-U1-1.jpg 1576w\" sizes=\"auto, (max-width: 672px) 100vw, 672px\" \/><\/a><\/figure>\n\n\n\n<p>Erh\u00e4ltlich bei <a href=\"https:\/\/www.amazon.de\/Aeryn-feuerroten-Hexen-Ki-Ela-Stories-ebook\/dp\/B0GD7S3GMM\/ref=sr_1_1?__mk_de_DE=%C3%85M%C3%85%C5%BD%C3%95%C3%91&amp;dib=eyJ2IjoiMSJ9.aosnCPssT76tmyp2TrSPBAqJGm5Mwst0tW3PHnrXMIx6cr5ffsj55m5zBr0BnfRvGBUzJQriNYj_ykUzb9Gx5MVQCAdNxCUfhY1KsYh2HlYlmoZe-RU5Xtg7Oja688y-bIQ72js2GJ43nOjGtm-FWpw0hao1OKcKO3u3FM8JITWozwLWw2f_iax7Sm0G08rKf0eqMr9VWmswH-UF_aeKHkBeDZOnFZCR0q3aGM4frRc.DFZ-b6oveslaqgmzfXEhilF0HMVjpLZ03IHUXNeGjME&amp;dib_tag=se&amp;keywords=ki-ela+stories&amp;qid=1767272509&amp;sr=8-1\">Amazon<\/a>.<\/p>\n\n\n\n<p><\/p>\n","protected":false},"excerpt":{"rendered":"<p>Aeryn bekommt das Angebot, nach dem Tod ihrer Tante ein kleines Cottage in Schottland zu \u00fcbernehmen und als Heilerin in deren Fu\u00dfstapfen zu treten. Zun\u00e4chst ist sie skeptisch, doch sie beschlie\u00dft, es probeweise zu versuchen.In Portnas angekommen, trifft sie auf Kieran, der mit einer Handwerksfirma das Cottage auf Vordermann bringen soll und ihr sofort auff\u00e4llt.Doch [&hellip;]<\/p>\n","protected":false},"author":1,"featured_media":0,"parent":0,"menu_order":0,"comment_status":"closed","ping_status":"closed","template":"","meta":{"footnotes":""},"class_list":["post-2376","page","type-page","status-publish","hentry"],"_links":{"self":[{"href":"http:\/\/ki-ela-stories.de\/index.php?rest_route=\/wp\/v2\/pages\/2376","targetHints":{"allow":["GET"]}}],"collection":[{"href":"http:\/\/ki-ela-stories.de\/index.php?rest_route=\/wp\/v2\/pages"}],"about":[{"href":"http:\/\/ki-ela-stories.de\/index.php?rest_route=\/wp\/v2\/types\/page"}],"author":[{"embeddable":true,"href":"http:\/\/ki-ela-stories.de\/index.php?rest_route=\/wp\/v2\/users\/1"}],"replies":[{"embeddable":true,"href":"http:\/\/ki-ela-stories.de\/index.php?rest_route=%2Fwp%2Fv2%2Fcomments&post=2376"}],"version-history":[{"count":1,"href":"http:\/\/ki-ela-stories.de\/index.php?rest_route=\/wp\/v2\/pages\/2376\/revisions"}],"predecessor-version":[{"id":2377,"href":"http:\/\/ki-ela-stories.de\/index.php?rest_route=\/wp\/v2\/pages\/2376\/revisions\/2377"}],"wp:attachment":[{"href":"http:\/\/ki-ela-stories.de\/index.php?rest_route=%2Fwp%2Fv2%2Fmedia&parent=2376"}],"curies":[{"name":"wp","href":"https:\/\/api.w.org\/{rel}","templated":true}]}}